e 5) in base 2?
1010101000110010110
-37360316 (base 8) to base 5
-4102441200
What is -7326066 (base 9) in base 7?
-45163245
-420587 (base 9) to base 10
-249802
What is -2b423 (base 16) in base 6?
-3444151
-201003022 (base 4) to base 7
-1102444
-2210031330 (base 4) to base 9
-1234613
Convert 24273522 (base 9) to base 7.
202536263
-56114154 (base 7) to base 10
-4844277
Convert -12002212011 (base 3) to base 11.
-69562
Convert -3154115 (base 8) to base 2.
-11001101100001001101
-4856348 (base 9) to base 6
-132253542
Convert 3565076 (base 10) to base 6.
204224552
What is 2214012 (base 6) in base 12?
54308
3548baa (base 12) to base 2
100111010010110010110010
Convert -212121101102 (base 3) to base 14.
-c1498
Convert -4aa2935 (base 11) to base 16.
-86fe69
Convert 59547 (base 11) to base 7.
505156
Convert -2231102132 (base 4) to base 8.
-2552236
What is 1dbaa (base 14) in base 7?
435503
Convert 2131322310 (base 5) to base 9.
8516145
-4431b4 (base 12) to base 15
-166191
What is 110101011111111110 (base 2) in base 11?
13a703
What is 6301135 (base 7) in base 11?
4775aa
What is 5068048 (base 10) in base 13?
1085a5b
What is -30e72 (base 16) in base 9?
-334682
Convert 11001000111010111010 (base 2) to base 5.
202313340
Convert 1504202 (base 8) to base 11.
272759
What is 1225130 (base 6) in base 16?
1018e
What is -3132563 (base 7) in base 6?
-12033405
What is -a9471 (base 11) in base 13?
-57470
-254535415 (base 7) to base 5
-13122223244
What is 91487 (base 12) in base 16?
2e267
43ba0 (base 13) to base 15
265d4
What is -220212102222 (base 3) in base 10?
-489482
Convert -28d2c9 (base 14) to base 3.
-2200002210121
What is -102022211221212 (base 3) in base 14?
-b29c79
282408 (base 9) to base 16
2a158
Convert -16a54a8 (base 12) to base 11.
-2717a30
What is 57c1bd (base 14) in base 16?
2da4db
What is 147039 (base 10) in base 14?
3b82b
Convert -1100030320 (base 4) to base 15.
-67504
54213523 (base 6) to base 3
10000111021020
What is -10343575 (base 8) in base 11?
-1282257
Convert -577d7 (base 16) to base 9.
-605516
Convert -22942d (base 16) to base 2.
-1000101001010000101101
What is 898c2a (base 14) in base 10?
4672678
Convert -505313523 (base 6) to base 11.
-4983003
Convert 1b793b (base 12) to base 13.
142277
aaa1 (base 14) to base 2
111001101100101
14a1b (base 15) to base 3
10101002022
What is 27dc46 (base 16) in base 3?
11220201101122
Convert 1214100044 (base 5) to base 4.
22332223011
db22c (base 16) to base 5
212210310
What is -3b9020 (base 12) in base 6?
-33120040
-292251 (base 11) to base 2
-1101111100001111111
What is 1103012332 (base 4) in base 2?
1010011000110111110
45d1b9 (base 16) to base 13
c428cb
-10011100000101010010000 (base 2) to base 8
-23405220
What is -421321112 (base 5) in base 2?
-110101010000100000101
-71545 (base 12) to base 13
-5228c
-268 (base 16) to base 13
-385
Convert 222220220221120 (base 3) to base 4.
312211023030
What is 212120220221020 (base 3) in base 14?
1944a0d
What is 101112311101 (base 4) in base 5?
2131044334
What is -334283 (base 10) in base 5?
-41144113
b28a2 (base 15) to base 11
356a21
-51b929 (base 12) to base 10
-1285233
What is 2221122001010 (base 3) in base 11?
980661
-12430250 (base 8) to base 12
-b14120
Convert -46804 (base 11) to base 13.
-24970
What is -11101302132 (base 4) in base 16?
-151c9e
Convert 13662452 (base 7) to base 3.
2102200012012
Convert -1211001411 (base 5) to base 14.
-538a56
Convert 404344411 (base 5) to base 12.
66b749
-994902 (base 10) to base 15
-149bbc
What is -240a89 (base 11) in base 2?
-1011101010000010101
13015524 (base 8) to base 14
5535c0
Convert 12377818 (base 9) to base 5.
3023342233
What is 2c056c (base 13) in base 4?
10021030231
101100001110010011010 (base 2) to base 16
161c9a
What is -186811 (base 10) in base 11?
-118399
Convert 20bab (base 12) to base 3.
2012020112
Convert 108859 (base 13) to base 15.
7a99a
Convert -11110200202112 (base 3) to base 10.
-2375636
Convert -18ce2f (base 16) to base 9.
-3046864
555685 (base 10) to base 11
34a549
Convert -116484 (base 11) to base 8.
-547676
111210112022 (base 3) to base 16
424d6
Convert 13e959 (base 16) to base 5.
313224141
What is 1012296 (base 13) in base 11?
281a617
276448 (base 10) to base 9
461184
Convert 10032603 (base 8) to base 10.
2110851
What is 64b4 (base 13) in base 7?
55555
-9d26ba (base 15) to base 11
-4263497
490851 (base 10) to base 9
827280
-11101101001011110 (base 2) to base 12
-5a33a
What is -1024de (base 16) in base 10?
-1058014
1145035 (base 7) to base 4
203212021
109865a (base 11) to base 10
1914769
1010100011110010011 (base 2) to base 13
c1648
Convert -5334502 (base 6) to base 11.
-169556
Convert -24104420 (base 8) to base 5.
-2322343333
What is 30a562 (base 16) in base 15?
42e92b
22353232 (base 6) to base 12
28b818
What is 526339 (base 11) in base 15?
119b53
-125e8b (base 15) to base 9
-1582175
What is -9c2ad (base 16) in base 9?
-1174404
What is -200211011111201 (base 3) in base 5?
-10030033000
504010 (base 7) to base 3
11100011111
What is 11709241 (base 10) in base 5?
10444143431
What is 527577 (base 8) in base 16?
2af7f
Convert 96119 (base 10) to base 3.
11212211222
Convert 232 (base 7) to base 13.
94
-20fa29 (base 16) to base 3
-11001210121012
What is 275782 (base 12) in base 13?
19b041
Convert -23535423 (base 6) to base 3.
-1101210100220
867706 (base 12) to base 5
1021100212
Convert 4110120 (base 5) to base 9.
110830
Convert -113020322 (base 4) to base 15.
-1d138
What is 101001011101110100010 (base 2) in base 13?
3875c7
What is -112933 (base 10) in base 4?
-123210211
1244758 (base 10) to base 11
780229
Convert -2211200210120 (base 3) to base 2.
-101110000100011101100
What is 7c8c8 (base 13) in base 10?
227807
Convert 1110111101101100 (base 2) to base 10.
61292
-15c922 (base 14) to base 16
-baad2
What is -883754a (base 11) in base 15?
-1566e9a
139819 (base 11) to base 12
a6159
What is 124141431 (base 5) in base 10?
615241
-121bb5 (base 12) to base 10
-293753
-676d2 (base 15) to base 14
-87c26
What is -11110011110001001011111 (base 2) in base 3?
-120000211012201
-279761 (base 10) to base 14
-73d4d
What is -334745 (base 13) in base 7?
-13165334
382136 (base 9) to base 4
320130213
-110010100011101111 (base 2) to base 9
-345056
What is -6778518 (base 9) in base 2?
-1101111100001000011010
-1010010011011111101 (base 2) to base 8
-1223375
What is 37427 (base 9) in base 15?
76aa
111001101000010 (base 2) to base 3
1111110211
Convert 77642 (base 10) to base 3.
10221111122
1011221112021 (base 3) to base 2
10011001100000101111
Convert 525050 (base 7) to base 10.
90587
-16453553 (base 7) to base 16
-1890fe
Convert -7092bb (base 13) to base 8.
-11773664
22232020220 (base 4) to base 11
164a557
a6388 (base 11) to base 10
154855
1212221331 (base 4) to base 2
1100110101001111101
-834832 (base 11) to base 12
-54682a
What is -76254 (base 9) in base 7?
-300160
What is -feb4c (base 16) in base 8?
-3765514
109950 (base 15) to base 12
3222b6
What is 5f7b8f (base 16) in base 10?
6257551
1342635 (base 8) to base 16
5c59d
Convert -1252326 (base 7) to base 5.
-20222441
What is 43662654 (base 8) in base 4?
203312112230
1000001110100001 (base 2) to base 16
83a1
-7147454 (base 8) to base 2
-111001100111100101100
-17753504 (base 9) to base 13
-1b15730
Convert -34222123 (base 5) to base 9.
-513824
What is -1375667 (base 9) in base 7?
-6306655
Convert 144146 (base 8) to base 13.
1a474
Convert -16116777 (base 8) to base 9.
-6874716
-bba07 (base 16) to base 12
-3108b3
What is -507a120 (base 12) in base 3?
-1001101210001020
Convert -304404400 (base 5) to base 4.
-10300203303
Convert -67264 (base 10) to base 6.
-1235224
-1305616 (base 7) to base 6
-3351244
201303214 (base 5) to base 11
50108a
What is -143101223 (base 5) in base 15?
-ed30d
-da7b9 (base 14) to base 10
-528383
Convert 444323402 (base 5) to base 15.
28756c
Convert -e5866 (base 16) to base 2.
-11100101100001100110
What is -90772 (base 11) in base 12?
-6495b
Convert 145441334 (base 6) to base 8.
13552532
-15501 (base 10) to base 7
-63123
-1112221223 (base 4) to base 16
-56a6b
What is -42973c (base 15) in base 7?
-35644122
Convert -2444140 (base 5) to base 10.
-46795
Convert 12b5ba1 (base 14) to base 13.
1b48562
What is 32514660 (base 7) in base 15?
3a2d16
What is -202101020220 (base 3) in